 -2*a - u = -302. What is the remainder when a is divided by 88?
66
Suppose 5187 = 343*k - 2609 - 14842. Calculate the remainder when k is divided by 6/(-4)*(-58)/3.
8
Suppose 1681 = 3*m + 2*p, m + 261*p = 262*p + 557. Calculate the remainder when m is divided by 8.
7
Suppose 66*u - 1308 = 12*u + 1284. Calculate the remainder when 1579 is divided by u.
43
Let b(a) = 6*a**2 + 155*a - 17. Suppose 0 = 5*i - 3*d - 272, -i + d = 2*i - 160. What is the remainder when i is divided by b(-26)?
7
Suppose 515*b = 510*b + 1100. Suppose -4*v + 4*a = -b, 4*v - 5*a - 73 - 144 = 0. Calculate the remainder when 145 is divided by v.
29
Suppose -3*m - 76 = 3*w - 1261, 3*w = -m + 399. What is the remainder when m is divided by 53?
22
Let c be 405 + -1 + -53 + 45. Calculate the remainder when (6/(-4))/(6/(-176)) is divided by 99/c - ((-118)/8 - 1).
12
Suppose -k + 196 + 99 = -4*r, 3*r + 12 = 0. Calculate the remainder when k is divided by 12.
3
Let n be 0 + -1 + (5 - -3). Let x = n - 2. Suppose 5*f - 6*p - 16 = -8*p, -24 = -4*f + 4*p. Calculate the remainder when x is divided by f.
1
Let z be (24/(-10))/((-5)/((-250)/(-15))). Let g(b) = -2 - z + 4*b + 1 - 1. What is the remainder when g(6) is divided by 7?
0
Suppose -19*k + 870 = -14*k. Let h = -278 - -464. Suppose 0 = -5*x - l + k, h = 6*x - x + 4*l. What is the remainder when x is divided by 9?
7
Suppose -3*l + 5*u = -0*l - 1380, l - 441 = 8*u. Calculate the remainder when l is divided by 43.
35
Suppose -23596 - 31705 = -57*j - 7535. What is the remainder when j is divided by 29?
26
Calculate the remainder when 288445*(-6)/(-630) - (-10)/(-105) is divided by 10.
7
Let n = -4488 - -4501. Suppose 3*w = 3*z - 21 - 0, -4*z - 4*w + 44 = 0. Calculate the remainder when n is divided by z.
4
Suppose -5*m - 19 + 14 = -5*g, 4*g - 5*m = 5. Suppose g = 5*o - 5*w - 95, 0 = o - 48*w + 53*w - 25. What is the remainder when 159 is divided by o?
19
Calculate the remainder when (50/48)/(10/8) - 40324/(-24) is divided by 82.
41
Suppose -192 = 6*n + 4*v - 568, -20 = 4*v. What is the remainder when 529 is divided by n?
1
Suppose -27*d + 28*d = 2*r + 2306, 4*d + r - 9242 = 0. Calculate the remainder when d is divided by 456.
30
Suppose -4*i + 52 = -3*c, -4*i - 16022*c = -16018*c - 24. Let f = -36 - -84. What is the remainder when f is divided by i?
8
Let r(a) = -3*a - 250 + 2*a + 361 - 3*a. What is the remainder when 14 is divided by r(26)?
0
Suppose 0 = 3967*t - 3956*t - 187. Calculate the remainder when 305 is divided by t.
16
Let c(j) = -3*j**3 - 25*j**2 + 224*j + 56. What is the remainder when c(-14) is divided by 135?
117
Let n = 2545 - 2455. What is the remainder when 279 is divided by n?
9
Suppose 0 = 2*l + 7 - 33. Let z(s) = 2*s**3 - s - 15. What is the remainder when z(3) is divided by l?
10
Let h = 124 + -20. Suppose -h = -2*x + 64. What is the remainder when x is divided by 17?
16
Let d = -876 - -1008. What is the remainder when 513 is divided by d?
117
Suppose 8 = 4*b + 4, 4*a + b - 45 = 0. Suppose -4*t - 3*l + 283 = -2*l, 2*t = 2*l + 144. What is the remainder when t is divided by a?
5
Suppose -14*x - 51*x + 3482 - 37 = 0. What is the remainder when 843 is divided by x?
48
Suppose -2*d + 3*d - 62 = 0. What is the remainder when 350/42*(-3174)/(-115) is divided by d?
44
Suppose -41 = 19*r - 117. Calculate the remainder when 58 is divided by (6/18)/(r/84).
2
Let l(p) = p**3 + p**2 + p + 2. Let g be l(0). Suppose 4*s = n + 6*s - 14, 51 = 3*n - 3*s. What is the remainder when (g + (-42)/12)*52/(-1) is divided by n?
14
Let a(k) = 6*k - 18. Let x be a(5). Let c be (-94)/(-6) + x/(-18). Suppose 5*z = b - 2 + c, -z = -b + 3. Calculate the remainder when 18 is divided by b.
4
Suppose 0 = -6*d + 3*d + 96. Suppose -4*v + 5033 = 5*u, u + v - 1238 = -231. Let m = 1012 - u. What is the remainder when d is divided by m?
4
Let s(q) = -49*q + 104. Let f be s(2). Suppose -f*r + 285 = 13*r. What is the remainder when 11/(-1 - 6/(-5)) is divided by r?
10
Suppose -19*w + 5*c = -18*w - 738, -4*c - 2225 = -3*w. Calculate the remainder when w is divided by 50.
43
Let y = 5068 - 4962. Calculate the remainder when y is divided by 44.
18
Suppose 5*q - 8*p - 9121 - 11308 = 0, 4*q - 16381 = p. Calculate the remainder when q is divided by 37.
27
Suppose 1 + 0 = -z. Let f = 18 + z. What is the remainder when (-10)/(-55)*2 - 1466/(-22) is divided by f?
16
Suppose -5*u - 1824 = 3*u. Let b be -1 + u/(-5) + 26/65. Suppose -23*v + 20*v + b = 0. What is the remainder when 29 is divided by v?
14
Let g = 3660 - 3641. Calculate the remainder when g is divided by 13.
6
Let u(j) = -j - 10. Let s be u(-16). Let v = -6 + s. Suppose -2*t + 4*o + o = -73, t + 4*o - 4 = v. What is the remainder when 91 is divided by t?
19
Let h be 12/7 - 4/(-14). Suppose -3*k + 0*k = 2*a + 16, -2*k = h*a + 12. What is the remainder when -4 - 38/(1 + a) is divided by 13?
8
Let w(c) = -10*c**2 - 9*c**2 - c**3 + 4*c**3 + 17 - 2*c**3 + 39*c - 2*c**3. Suppose -3*n + 5*n = 56. What is the remainder when w(-21) is divided by n?
24
Let g(d) = 19*d**2 + 47*d - 22. Calculate the remainder when g(-4) is divided by (-2 - 13)/(-1) + -3.
10
Let h be (-1)/(-4)*-3 + (-271)/(-4). Let u = -67 + h. Suppose -q + 2*o + 45 = u, 4*q = 5*o - o + 192. Calculate the remainder when q is divided by 14.
9
Suppose -3*c + 4*s + 497 = 0, -2*s = c - 25 - 144. Calculate the remainder when 3503 is divided by c.
163
Suppose 5*h + 4*r - 1995 = 0, -3*r + 791 = -2*h + 4*h. Let w = 451 - h. What is the remainder when w is divided by 40?
8
Suppose 4*n - 176 = 3*s, -5*s = n - 0*s - 21. Suppose 9*x - 404 = 712. Suppose -10*u - 14 = -x. What is the remainder when n is divided by u?
8
Suppose -5*g = -2*g - 495. Let h(q) = q**3 - 2*q**2 + 15*q - 11. Calculate the remainder when g is divided by h(3).
36
Let o(q) = -q**3 + 20*q**2 - 18*q - 10. Let d be o(19). Let t(b) = b**2 + 11*b - 13. Calculate the remainder when t(d) is divided by 28.
27
Suppose 77*m - 16 = 73*m. Suppose m*l = -18*l + 352. What is the remainder when 110 is divided by l?
14
Suppose -b = -x + 79 + 58, 3*x = 4*b + 407. Calculate the remainder when x is divided by (-37)/185 + (-488)/(-40).
9
Let n = 114 + -105. Suppose 0 = 2*c - 3*h + 239, 4*c - n*c - h - 572 = 0. Let k = -103 - c. Calculate the remainder when 34 is divided by k.
10
Suppose -11*i - 124 = -36. Calculate the remainder when 750 is divided by (-5 + 4)/(i/752).
92
Suppose 8*u = 2*u + 192. Let q(y) = -y**2 + 16*y - 48. What is the remainder when u is divided by q(11)?
4
Suppose 23 - 25 = -i. Suppose i = -c + 5*u, 3*u - 4 = u. Suppose -c = -2*p, 68 = 4*g - 0*p - 3*p. Calculate the remainder when 77 is divided by g.
17
Suppose -165*k + 3516 + 8859 = 0. Calculate the remainder when 2852 is divided by k.
2
Let m = 11114 - 10960. Calculate the remainder when 921 is divided by m.
151
Let f(z) = 9*z + 26. Let a be f(-2). Let h(r) = -3*r**2 + 31*r - 1. What is the remainder when h(a) is divided by 15?
10
Suppose 78*u - 6819 - 1691 - 2722 = 0. Calculate the remainder when u is divided by 63.
18
Let r = 5530 - 5310. Calculate the remainder when 449 is divided by r.
9
Suppose 5*s = 6*h - 8*h + 100, -s = -2*h - 8. Calculate the remainder when 263 is divided by (s/8)/(36/96) - -82.
87
Let v(q) = -387*q + 99*q + 128*q - 2*q**2 - 2*q**2 + 124*q + 66. Calculate the remainder when (-2)/(1 + -3)*129 is divided by v(-10).
25
Let q = -11 + 310. Suppose 4*i + 31 = q. Let o = -592 + 627. What is the remainder when i is divided by o?
32
Let z = 0 - 6. Suppose o - 2 = -5*c, 5*c - 6 = o + 2. Calculate the remainder when 38 - o/(z/(-4)) is divided by 12.
4
Let m(n) = -10*n**2 - 2*n + 4. Let f be m(3). Let s be ((-11)/33)/(2/42). What is the remainder when s/35 + f/(-10) is divided by 6?
3
Let v(z) = -8*z + 5. Let g = -30 + 34. Suppose 0*o - o - g = 0. What is the remainder when 109 is divided by v(o)?
35
Let c be ((-254)/3)/((-10)/15). Let p = c + -63. Suppose -11*d = -p - 112. Calculate the remainder when d is divided by 13.
3
Let m(t) = -4*t**2 - t + 3. Let n be m(-4). Let f = n - -103. Suppose -13*h + 1702 = 1546. Calculate the remainder when f is divided by h.
10
Suppose 13*k = 97 + 33. Suppose 9*i = 206 + k. What is the remainder when 41 is divided by i?
17
Let q(f) = -f**2 - 23*f - 5. Suppose -2*m + 1766 = 4*w + m, 2*